are the prime factors of 960?
2, 3, 5
What are the prime factors of 27005?
5, 11, 491
What are the prime factors of 22674?
2, 3, 3779
What are the prime factors of 3853?
3853
List the prime factors of 2643.
3, 881
What are the prime factors of 872?
2, 109
What are the prime factors of 72328?
2, 9041
What are the prime factors of 38646?
2, 3, 19, 113
What are the prime factors of 1495?
5, 13, 23
List the prime factors of 6419.
7, 131
What are the prime factors of 15766?
2, 7883
List the prime factors of 324.
2, 3
What are the prime factors of 5570?
2, 5, 557
What are the prime factors of 21245?
5, 7, 607
What are the prime factors of 4498?
2, 13, 173
List the prime factors of 130482.
2, 3, 11, 659
What are the prime factors of 2272?
2, 71
List the prime factors of 5445.
3, 5, 11
What are the prime factors of 22906?
2, 13, 881
List the prime factors of 342.
2, 3, 19
What are the prime factors of 171909?
3, 6367
List the prime factors of 7785.
3, 5, 173
List the prime factors of 482.
2, 241
What are the prime factors of 303?
3, 101
List the prime factors of 164309.
164309
List the prime factors of 10356.
2, 3, 863
List the prime factors of 321.
3, 107
What are the prime factors of 875?
5, 7
What are the prime factors of 35814?
2, 3, 47, 127
List the prime factors of 47828.
2, 11, 1087
List the prime factors of 6020.
2, 5, 7, 43
What are the prime factors of 1406?
2, 19, 37
List the prime factors of 3300.
2, 3, 5, 11
List the prime factors of 3835.
5, 13, 59
What are the prime factors of 3861?
3, 11, 13
List the prime factors of 9540.
2, 3, 5, 53
List the prime factors of 2176.
2, 17
What are the prime factors of 14510?
2, 5, 1451
What are the prime factors of 2303?
7, 47
What are the prime factors of 1601?
1601
What are the prime factors of 754?
2, 13, 29
List the prime factors of 8296.
2, 17, 61
What are the prime factors of 36839?
11, 17, 197
List the prime factors of 481.
13, 37
What are the prime factors of 976?
2, 61
What are the prime factors of 2002?
2, 7, 11, 13
List the prime factors of 2114.
2, 7, 151
What are the prime factors of 897?
3, 13, 23
What are the prime factors of 203?
7, 29
List the prime factors of 10701.
3, 29, 41
What are the prime factors of 655?
5, 131
List the prime factors of 2033.
19, 107
List the prime factors of 33641.
33641
What are the prime factors of 24900?
2, 3, 5, 83
List the prime factors of 192.
2, 3
List the prime factors of 1005.
3, 5, 67
What are the prime factors of 26941?
29, 929
What are the prime factors of 95683?
7, 13669
What are the prime factors of 6758?
2, 31, 109
List the prime factors of 4094.
2, 23, 89
What are the prime factors of 17076?
2, 3, 1423
What are the prime factors of 833?
7, 17
List the prime factors of 2952.
2, 3, 41
What are the prime factors of 10938?
2, 3, 1823
List the prime factors of 19033.
7, 2719
What are the prime factors of 6191?
41, 151
List the prime factors of 597.
3, 199
List the prime factors of 3142.
2, 1571
What are the prime factors of 103?
103
List the prime factors of 1764.
2, 3, 7
List the prime factors of 524.
2, 131
What are the prime factors of 2729?
2729
List the prime factors of 33177.
3, 11059
What are the prime factors of 1965?
3, 5, 131
List the prime factors of 92036.
2, 7, 19, 173
List the prime factors of 6443.
17, 379
What are the prime factors of 145282?
2, 17, 4273
What are the prime factors of 1361?
1361
What are the prime factors of 3031?
7, 433
List the prime factors of 330.
2, 3, 5, 11
What are the prime factors of 15819?
3, 5273
List the prime factors of 858.
2, 3, 11, 13
What are the prime factors of 3593?
3593
List the prime factors of 1584.
2, 3, 11
What are the prime factors of 10408?
2, 1301
List the prime factors of 4749.
3, 1583
List the prime factors of 8807.
8807
List the prime factors of 5712.
2, 3, 7, 17
List the prime factors of 39945.
3, 5, 2663
List the prime factors of 13662.
2, 3, 11, 23
List the prime factors of 1269.
3, 47
List the prime factors of 1186.
2, 593
List the prime factors of 68018.
2, 71, 479
List the prime factors of 8471.
43, 197
What are the prime factors of 92073?
3, 47, 653
What are the prime factors of 4621?
4621
List the prime factors of 7126.
2, 7, 509
What are the prime factors of 28022?
2, 14011
List the prime factors of 3489.
3, 1163
What are the prime factors of 13762?
2, 7, 983
List the prime factors of 6895.
5, 7, 197
List the prime factors of 1305.
3, 5, 29
What are the prime factors of 9859?
9859
List the prime factors of 31971.
3, 10657
What are the prime factors of 9976?
2, 29, 43
List the prime factors of 135618.
2, 3, 7, 3229
List the prime factors of 15462.
2, 3, 859
List the prime factors of 3690.
2, 3, 5, 41
List the prime factors of 519.
3, 173
What are the prime factors of 1798?
2, 29, 31
What are the prime factors of 26938?
2, 13469
List the prime factors of 1849.
43
What are the prime factors of 1270?
2, 5, 127
List the prime factors of 27504.
2, 3, 191
What are the prime factors of 4401?
3, 163
List the prime factors of 48286.
2, 7, 3449
What are the prime factors of 34959?
3, 43, 271
List the prime factors of 12087.
3, 17, 79
What are the prime factors of 13927?
19, 733
What are the prime factors of 85556?
2, 73, 293
List the prime factors of 48327.
3, 89, 181
List the prime factors of 22245.
3, 5, 1483
List the prime factors of 57454.
2, 23, 1249
List the prime factors of 5024.
2, 157
What are the prime factors of 27445?
5, 11, 499
List the prime factors of 2157.
3, 719
List the prime factors of 1926.
2, 3, 107
What are the prime factors of 581?
7, 83
List the prime factors of 12.
2, 3
List the prime factors of 61742.
2, 30871
List the prime factors of 4417.
7, 631
What are the prime factors of 6872?
2, 859
List the prime factors of 52859.
52859
What are the prime factors of 195?
3, 5, 13
List the prime factors of 3552.
2, 3, 37
List the prime factors of 57427.
57427
What are the prime factors of 6582?
2, 3, 1097
List the prime factors of 5049.
3, 11, 17
What are the prime factors of 8535?
3, 5, 569
What are the prime factors of 1382?
2, 691
What are the prime factors of 5332?
2, 31, 43
List the prime factors of 1165.
5, 233
List the prime factors of 24905.
5, 17, 293
List the prime factors of 283.
283
List the prime factors of 3374.
2, 7, 241
What are the prime factors of 958?
2, 479
List the prime factors of 1761.
3, 587
List the prime factors of 57733.
13, 4441
What are the prime factors of 2615?
5, 523
List the prime factors of 8444.
2, 2111
What are the prime factors of 1594?
2, 797
List the prime factors of 1928.
2, 241
List the prime factors of 40529.
40529
List the prime factors of 89039.
269, 331
What are the prime factors of 25995?
3, 5, 1733
List the prime factors of 121693.
11, 13, 23, 37
What are the prime factors of 164752?
2, 7, 1471
What are the prime factors of 2511?
3, 31
What are the prime factors of 1322?
2, 661
List the prime factors of 4763.
11, 433
List the prime factors of 2073.
3, 691
What are the prime factors of 683?
683
What are the prime factors of 479?
479
List the prime factors of 30929.
157, 197
List the prime factors of 1913.
1913
List the prime factors of 80.
2, 5
List the prime factors of 1104.
2, 3, 23
List the prime factors of 15540.
2, 3, 5, 7, 37
List the prime factors of 2020.
2, 5, 101
List the prime factors of 1530.
2, 3, 5, 17
What are the prime factors of 12110?
2, 5, 7, 173
What are the prime factors of 5318?
2, 2659
List the prime factors of 55426.
2, 7, 37, 107
List the prime factors of 4873.
11, 443
List the prime factors of 44172.
2, 3, 409
What are the prime factors of 25990?
2, 5, 23, 113
List the prime factors of 27195.
3, 5, 7, 37
What are the prime factors of 14115?
3, 5, 941
What are the prime factors of 11357?
41, 277
List the prime factors of 35194.
2, 17597
List the prime factors of 2087.
2087
What are the prime factors of 25540?
2, 5, 1277
What are the prime factors of 2387?
7, 11, 31
List the prime factors of 101659.
277, 367
List the prime factors of 378.
2, 3, 7
List the prime factors of 2680.
2, 5, 67
What are the prime factors of 2298?
2, 3, 383
List the prime factors of 274.
2, 137
What are the prime factors of 2628?
2, 3, 73
List the prime factors of 1590.
2, 3, 5, 53
What are the prime factors of 4074?
2, 3, 7,